{"id":474,"date":"2021-04-07T07:07:54","date_gmt":"2021-04-07T07:07:54","guid":{"rendered":"http:\/\/lamanitasinformatica.com\/catedra-rrhh\/?page_id=474"},"modified":"2021-04-07T07:07:54","modified_gmt":"2021-04-07T07:07:54","slug":"politica-de-privacidad","status":"publish","type":"page","link":"https:\/\/catedratrabajorecursoshumanosysalud.umh.es\/en\/politica-de-privacidad\/","title":{"rendered":"Pol\u00edtica de Privacidad"},"content":{"rendered":"\t\t<div data-elementor-type=\"wp-page\" data-elementor-id=\"474\" class=\"elementor elementor-474\" data-elementor-settings=\"[]\">\n\t\t\t\t\t\t<div class=\"elementor-inner\">\n\t\t\t\t\t\t\t<div class=\"elementor-section-wrap\">\n\t\t\t\t\t\t\t<section class=\"elementor-section elementor-top-section elementor-element elementor-element-674f261 elementor-section-boxed elementor-section-height-default elementor-section-height-default\" data-id=\"674f261\" data-element_type=\"section\" data-settings=\"{&quot;background_background&quot;:&quot;classic&quot;}\">\n\t\t\t\t\t\t<div class=\"elementor-container elementor-column-gap-default\">\n\t\t\t\t\t\t\t<div class=\"elementor-row\">\n\t\t\t\t\t<div class=\"elementor-column elementor-col-100 elementor-top-column elementor-element elementor-element-c2b17f9\" data-id=\"c2b17f9\" data-element_type=\"column\">\n\t\t\t<div class=\"elementor-column-wrap elementor-element-populated\">\n\t\t\t\t\t\t\t<div class=\"elementor-widget-wrap\">\n\t\t\t\t\t\t<div class=\"elementor-element elementor-element-7fafb1f elementor-widget elementor-widget-heading\" data-id=\"7fafb1f\" data-element_type=\"widget\" data-widget_type=\"heading.default\">\n\t\t\t\t<div class=\"elementor-widget-container\">\n\t\t\t<h1 class=\"elementor-heading-title elementor-size-default\">Pol\u00edtica de Privacidad<\/h1>\t\t<\/div>\n\t\t\t\t<\/div>\n\t\t\t\t<div class=\"elementor-element elementor-element-a4c3345 breadcrumb_paginas elementor-widget elementor-widget-shortcode\" data-id=\"a4c3345\" data-element_type=\"widget\" data-widget_type=\"shortcode.default\">\n\t\t\t\t<div class=\"elementor-widget-container\">\n\t\t\t\t\t<div class=\"elementor-shortcode\">[flexy_breadcrumb]<\/div>\n\t\t\t\t<\/div>\n\t\t\t\t<\/div>\n\t\t\t\t\t\t<\/div>\n\t\t\t\t\t<\/div>\n\t\t<\/div>\n\t\t\t\t\t\t\t\t<\/div>\n\t\t\t\t\t<\/div>\n\t\t<\/section>\n\t\t\t\t<section class=\"elementor-section elementor-top-section elementor-element elementor-element-b253ec2 elementor-section-boxed elementor-section-height-default elementor-section-height-default\" data-id=\"b253ec2\" data-element_type=\"section\">\n\t\t\t\t\t\t<div class=\"elementor-container elementor-column-gap-default\">\n\t\t\t\t\t\t\t<div class=\"elementor-row\">\n\t\t\t\t\t<div class=\"elementor-column elementor-col-100 elementor-top-column elementor-element elementor-element-5dabc6f\" data-id=\"5dabc6f\" data-element_type=\"column\">\n\t\t\t<div class=\"elementor-column-wrap elementor-element-populated\">\n\t\t\t\t\t\t\t<div class=\"elementor-widget-wrap\">\n\t\t\t\t\t\t<div class=\"elementor-element elementor-element-eff41e0 elementor-widget elementor-widget-text-editor\" data-id=\"eff41e0\" data-element_type=\"widget\" data-widget_type=\"text-editor.default\">\n\t\t\t\t<div class=\"elementor-widget-container\">\n\t\t\t\t\t\t\t\t<div class=\"elementor-text-editor elementor-clearfix\">\n\t\t\t\t<p><span class=\"resaltar\">C\u00e1tedra de Trabajo, Recursos Humanos y Salud l<\/span>e informa de acuerdo con lo dispuesto en el Reglamento (UE) 2016\/679 del Parlamento Europeo y del Consejo, de 27 de abril de 2016, relativo a la protecci\u00f3n de las personas f\u00edsicas en lo que respecta al tratamiento de datos personales y a la libre circulaci\u00f3n de estos datos, as\u00ed como en la Ley Org\u00e1nica 3\/2018, de 5 de diciembre, de Protecci\u00f3n de Datos Personales y garant\u00eda de los derechos digitales se le informa de que el tratamiento de sus datos personales ser\u00e1n tratados por la Universidad de Miguel Hern\u00e1ndez de Elche como Responsable del Tratamiento (Secretar\u00eda General), en base a una obligaci\u00f3n legal y\/o en base a un inter\u00e9s p\u00fablico (art\u00edculo 6.1 c) y e) del RGPD con la finalidad de controlar la documentaci\u00f3n de entrada y salida de la universidad, as\u00ed como atender y gestionar las solicitudes, reclamaciones, alegaciones y recursos presentados. Los datos de car\u00e1cter personal aportados s\u00f3lo se conservar\u00e1n durante el tiempo que necesario para cumplir con la finalidad para la que se ha recabado y para determinar las posibles responsabilidades que se pudieran derivar de dicha finalidad y del tratamiento de los datos. Ser\u00e1 de aplicaci\u00f3n la normativa de archivos y patrimonio documental espa\u00f1ol. Asimismo, se informa al interesado que no se comunicar\u00e1n los datos a terceros, salvo obligaci\u00f3n legal.<\/p><p>El interesado podr\u00e1 ejercitar sus derechos de acceso, rectificaci\u00f3n, oposici\u00f3n, supresi\u00f3n, portabilidad y limitaci\u00f3n del tratamiento as\u00ed como, a no ser objeto de decisiones basadas \u00fanicamente en el tratamiento automatizado de sus datos, para ello se deber\u00e1 dirigir mediante solicitud dirigida a la atenci\u00f3n de Secretaria General de la UMH, Edificio Rectorado y Consejo Social, Avda. de la Universidad S\/N, 03202, Elche-Alicante, o bien a trav\u00e9s de sede electr\u00f3nica https:\/\/sede.umh.es\/. Para cualquier consideraci\u00f3n adicional se puede poner en contacto con la delegada de protecci\u00f3n de datos: dpd@umh.es. Asimismo, el interesado tiene derecho a presentar una reclamaci\u00f3n ante la Autoridad de control (www.aepd.es) si considera que el tratamiento no se ajusta a la normativa vigente.<\/p><p>Gesti\u00f3n de su petici\u00f3n en el formulario de contacto. Legitimaci\u00f3n inter\u00e9s p\u00fablico 6.1.d RGPD y consentimiento (art\u00edculo 6.1.a) en caso de aceptar mantenerse informado sobre eventos celebrados por la UMH en materia de recursos humanos y recibir informaci\u00f3n sobre formaci\u00f3n.<\/p><p>Los datos no ser\u00e1n objeto de cesi\u00f3n a terceros salvo obligaci\u00f3n legal.<\/p><h2>Conservaci\u00f3n<\/h2><p>Durante no m\u00e1s tiempo del necesario para mantener el fin del tratamiento y\/o mientras existan prescripciones legales que dictaminen su custodia.<\/p><h2>Derechos<\/h2><p>Podr\u00e1 ejercer, en los t\u00e9rminos establecidos por la normativa vigente, los derechos de acceso, rectificaci\u00f3n y supresi\u00f3n de sus datos personales, as\u00ed como solicitar que se limite el tratamiento de los mismos, oponerse a dicho tratamiento o solicitar la portabilidad de sus datos personales, dirigiendo una comunicaci\u00f3n al responsable del tratamiento correspondiente de la siguiente manera:\u00a0<\/p><ul><li><strong>Por sede electr\u00f3nica<\/strong>:\u00a0<a href=\"https:\/\/sede.umh.es\/procedimientos\/ejercicio-dederechos-en-el-ambito-de-proteccion-de-datos\/\">https:\/\/sede.umh.es\/procedimientos\/ejercicio-dederechos-en-el-ambito-de-proteccion-de-datos\/<\/a><\/li><li><strong>Presencialmente<\/strong>: por cualquier oficina de asistencia en materia de registros. Por \u00faltimo, podr\u00e1 presentar una reclamaci\u00f3n ante la Autoridad de Control en materia de Protecci\u00f3n de Datos competente, en nuestro caso la Agencia Espa\u00f1ola de Protecci\u00f3n de Datos, especialmente si no ha obtenido satisfacci\u00f3n en el ejercicio de tus derechos.<\/li><\/ul>\t\t\t\t\t<\/div>\n\t\t\t\t\t\t<\/div>\n\t\t\t\t<\/div>\n\t\t\t\t\t\t<\/div>\n\t\t\t\t\t<\/div>\n\t\t<\/div>\n\t\t\t\t\t\t\t\t<\/div>\n\t\t\t\t\t<\/div>\n\t\t<\/section>\n\t\t\t\t\t\t<\/div>\n\t\t\t\t\t\t<\/div>\n\t\t\t\t\t<\/div>\n\t\t","protected":false},"excerpt":{"rendered":"<p>Pol\u00edtica de Privacidad<br \/>\n\t\t[flexy_breadcrumb]<br \/>\nC\u00e1tedra de Trabajo, Recursos Humanos y Salud le informa de acuerdo con lo dispuesto en el Reglamento (UE) 2016\/679 del Parlamento Europeo y del Consejo, de 27 de abril de 2016, relativo a la protecci\u00f3n de las personas f\u00edsicas en lo que respecta al tratamiento de datos personales y a la libre circulaci\u00f3n [&#8230;]<\/p>\n","protected":false},"author":3735,"featured_media":0,"parent":0,"menu_order":0,"comment_status":"closed","ping_status":"closed","template":"elementor_header_footer","meta":{"_et_pb_use_builder":"","_et_pb_old_content":"","_et_gb_content_width":"","_links_to":"","_links_to_target":""},"_links":{"self":[{"href":"https:\/\/catedratrabajorecursoshumanosysalud.umh.es\/en\/wp-json\/wp\/v2\/pages\/474"}],"collection":[{"href":"https:\/\/catedratrabajorecursoshumanosysalud.umh.es\/en\/wp-json\/wp\/v2\/pages"}],"about":[{"href":"https:\/\/catedratrabajorecursoshumanosysalud.umh.es\/en\/wp-json\/wp\/v2\/types\/page"}],"author":[{"embeddable":true,"href":"https:\/\/catedratrabajorecursoshumanosysalud.umh.es\/en\/wp-json\/wp\/v2\/users\/3735"}],"replies":[{"embeddable":true,"href":"https:\/\/catedratrabajorecursoshumanosysalud.umh.es\/en\/wp-json\/wp\/v2\/comments?post=474"}],"version-history":[{"count":0,"href":"https:\/\/catedratrabajorecursoshumanosysalud.umh.es\/en\/wp-json\/wp\/v2\/pages\/474\/revisions"}],"wp:attachment":[{"href":"https:\/\/catedratrabajorecursoshumanosysalud.umh.es\/en\/wp-json\/wp\/v2\/media?parent=474"}],"curies":[{"name":"wp","href":"https:\/\/api.w.org\/{rel}","templated":true}]}}

Política de Privacidad

<div data-elementor-type="wp-page" data-elementor-id="474" class="elementor elementor-474" data-elementor-settings="[]">
						<div class="elementor-inner">
							<div class="elementor-section-wrap">
							<section class="elementor-section elementor-top-section elementor-element elementor-element-674f261 elementor-section-boxed elementor-section-height-default elementor-section-height-default" data-id="674f261" data-element_type="section" data-settings="{&quot;background_background&quot;:&quot;classic&quot;}">
						<div class="elementor-container elementor-column-gap-default">
							<div class="elementor-row">
					<div class="elementor-column elementor-col-100 elementor-top-column elementor-element elementor-element-c2b17f9" data-id="c2b17f9" data-element_type="column">
			<div class="elementor-column-wrap elementor-element-populated">
							<div class="elementor-widget-wrap">
						<div class="elementor-element elementor-element-7fafb1f elementor-widget elementor-widget-heading" data-id="7fafb1f" data-element_type="widget" data-widget_type="heading.default">
				<div class="elementor-widget-container">
			<h1 class="elementor-heading-title elementor-size-default">Política de Privacidad</h1>		</div>
				</div>
				<div class="elementor-element elementor-element-a4c3345 breadcrumb_paginas elementor-widget elementor-widget-shortcode" data-id="a4c3345" data-element_type="widget" data-widget_type="shortcode.default">
				<div class="elementor-widget-container">
					<div class="elementor-shortcode">[flexy_breadcrumb]</div>
				</div>
				</div>
						</div>
					</div>
		</div>
								</div>
					</div>
		</section>
				<section class="elementor-section elementor-top-section elementor-element elementor-element-b253ec2 elementor-section-boxed elementor-section-height-default elementor-section-height-default" data-id="b253ec2" data-element_type="section">
						<div class="elementor-container elementor-column-gap-default">
							<div class="elementor-row">
					<div class="elementor-column elementor-col-100 elementor-top-column elementor-element elementor-element-5dabc6f" data-id="5dabc6f" data-element_type="column">
			<div class="elementor-column-wrap elementor-element-populated">
							<div class="elementor-widget-wrap">
						<div class="elementor-element elementor-element-eff41e0 elementor-widget elementor-widget-text-editor" data-id="eff41e0" data-element_type="widget" data-widget_type="text-editor.default">
				<div class="elementor-widget-container">
								<div class="elementor-text-editor elementor-clearfix">
				<p><span class="resaltar">Cátedra de Trabajo, Recursos Humanos y Salud l</span>e informa de acuerdo con lo dispuesto en el Reglamento (UE) 2016/679 del Parlamento Europeo y del Consejo, de 27 de abril de 2016, relativo a la protección de las personas físicas en lo que respecta al tratamiento de datos personales y a la libre circulación de estos datos, así como en la Ley Orgánica 3/2018, de 5 de diciembre, de Protección de Datos Personales y garantía de los derechos digitales se le informa de que el tratamiento de sus datos personales serán tratados por la Universidad de Miguel Hernández de Elche como Responsable del Tratamiento (Secretaría General), en base a una obligación legal y/o en base a un interés público (artículo 6.1 c) y e) del RGPD con la finalidad de controlar la documentación de entrada y salida de la universidad, así como atender y gestionar las solicitudes, reclamaciones, alegaciones y recursos presentados. Los datos de carácter personal aportados sólo se conservarán durante el tiempo que necesario para cumplir con la finalidad para la que se ha recabado y para determinar las posibles responsabilidades que se pudieran derivar de dicha finalidad y del tratamiento de los datos. Será de aplicación la normativa de archivos y patrimonio documental español. Asimismo, se informa al interesado que no se comunicarán los datos a terceros, salvo obligación legal.</p><p>El interesado podrá ejercitar sus derechos de acceso, rectificación, oposición, supresión, portabilidad y limitación del tratamiento así como, a no ser objeto de decisiones basadas únicamente en el tratamiento automatizado de sus datos, para ello se deberá dirigir mediante solicitud dirigida a la atención de Secretaria General de la UMH, Edificio Rectorado y Consejo Social, Avda. de la Universidad S/N, 03202, Elche-Alicante, o bien a través de sede electrónica https://sede.umh.es/. Para cualquier consideración adicional se puede poner en contacto con la delegada de protección de datos: dpd@umh.es. Asimismo, el interesado tiene derecho a presentar una reclamación ante la Autoridad de control (www.aepd.es) si considera que el tratamiento no se ajusta a la normativa vigente.</p><p>Gestión de su petición en el formulario de contacto. Legitimación interés público 6.1.d RGPD y consentimiento (artículo 6.1.a) en caso de aceptar mantenerse informado sobre eventos celebrados por la UMH en materia de recursos humanos y recibir información sobre formación.</p><p>Los datos no serán objeto de cesión a terceros salvo obligación legal.</p><h2>Conservación</h2><p>Durante no más tiempo del necesario para mantener el fin del tratamiento y/o mientras existan prescripciones legales que dictaminen su custodia.</p><h2>Derechos</h2><p>Podrá ejercer, en los términos establecidos por la normativa vigente, los derechos de acceso, rectificación y supresión de sus datos personales, así como solicitar que se limite el tratamiento de los mismos, oponerse a dicho tratamiento o solicitar la portabilidad de sus datos personales, dirigiendo una comunicación al responsable del tratamiento correspondiente de la siguiente manera: </p><ul><li><strong>Por sede electrónica</strong>: <a href="https://sede.umh.es/procedimientos/ejercicio-dederechos-en-el-ambito-de-proteccion-de-datos/">https://sede.umh.es/procedimientos/ejercicio-dederechos-en-el-ambito-de-proteccion-de-datos/</a></li><li><strong>Presencialmente</strong>: por cualquier oficina de asistencia en materia de registros. Por último, podrá presentar una reclamación ante la Autoridad de Control en materia de Protección de Datos competente, en nuestro caso la Agencia Española de Protección de Datos, especialmente si no ha obtenido satisfacción en el ejercicio de tus derechos.</li></ul>					</div>
						</div>
				</div>
						</div>
					</div>
		</div>
								</div>
					</div>
		</section>
						</div>
						</div>
					</div>

<p>Política de Privacidad<br />
		[flexy_breadcrumb]<br />
Cátedra de Trabajo, Recursos Humanos y Salud le informa de acuerdo con lo dispuesto en el Reglamento (UE) 2016/679 del Parlamento Europeo y del Consejo, de 27 de abril de 2016, relativo a la protección de las personas físicas en lo que respecta al tratamiento de datos personales y a la libre circulación [&#8230;]</p>
